 2*z. Suppose 4*c + 4*x = 244, c = 5*c + 5*x - 239. Calculate the highest common factor of z and c.
33
Let w = 1808 - 1141. Let i = w + -446. Calculate the highest common factor of 13 and i.
13
Suppose -10*h = 5*n - 60, -3*h + 20 = 2*n - 1. Let i(f) = -2*f**3 - 4*f**2 + 2*f + 1. Let z be i(-4). What is the greatest common factor of h and z?
3
Let m be (-300 + 26)/((-1)/1). Let k = m + 355. What is the highest common factor of 37 and k?
37
Let n be (312*1)/(150/4 + -36). What is the greatest common factor of n and 816?
16
Let q be ((-9)/36 - 15/4) + 4. Suppose q = -2*h + 103 + 41. Calculate the highest common divisor of h and 24.
24
Let b = -9068 - -9229. What is the greatest common factor of b and 2576?
161
Let r(t) = 11*t - 56. Let w be r(-15). Let b = w + 231. What is the greatest common factor of b and 320?
10
Let o = 1342 - -2891. What is the greatest common divisor of 166 and o?
83
Let u be 7 - (9 + 3540/(-15)). Calculate the highest common divisor of u and 4797.
117
Let b(p) = p**2 + 5*p + 3. Let x be b(-5). Suppose -5*q = 0, -241 + 85 = 3*v + x*q. Let r = 8 - v. Calculate the highest common factor of 20 and r.
20
Let c(p) = 10*p**2 + 11*p - 26. Let v be c(-5). What is the greatest common factor of 33969 and v?
169
Let d be (0/(-5))/(2 - 4). Let p = d + 3. Suppose -r + p = -6. What is the highest common factor of 36 and r?
9
Let u be 6470/85 - 2/17. Suppose -152 - u = -4*q. Let m = q - 43. What is the greatest common factor of m and 21?
7
Let s be (-233)/(-3) + (-8)/(-24)*-2. Suppose 0 = 26*f - 33*f + s. Calculate the highest common divisor of f and 77.
11
Let f = 324 - 211. Suppose j + x - f = -4*x, 3*x = -j + 119. Let n(c) = 3*c**2 + 32*c + 61. Let y be n(-9). Calculate the highest common divisor of y and j.
16
Let c(n) = 316*n**2 + 31*n + 4. Let k be c(-2). Calculate the greatest common factor of k and 4690.
134
Let d = 33 - -500. What is the highest common divisor of d and 26?
13
Let c(r) = 3*r**2 + 14*r - 10. Suppose 4*l - 16 = 8*l, -6 = g - l. Let x be c(g). Calculate the highest common divisor of 120 and x.
30
Let t be (-19*10/(-285))/((-2)/(-228)). What is the highest common divisor of t and 209?
19
Let g be (-24)/(-30) + 65928/390 + (-18)/(-117). What is the greatest common factor of g and 901?
17
Let a = -9969 - -10169. What is the greatest common factor of a and 7600?
200
Let o = 15 - 12. Let f be ((-6)/(-3) - -270) + o. Let n be -2*2/(-8) + 245/10. What is the greatest common divisor of n and f?
25
Let c = 96 - 12. Let s be c*((-6)/(-9))/2. Suppose -r = r - s. Calculate the greatest common divisor of 42 and r.
14
Suppose 0 = 2*q + 3*g - 341, -5*q + g + 841 = -3*g. Let c = 4930 - 4878. What is the highest common divisor of c and q?
13
Let q be 8/(-14) - 726/(-462). Calculate the highest common divisor of 298 and q.
1
Let q be -2 + (3 - 169/(-1)). Let s be (-3 - (-24)/9) + 1442/42. What is the highest common divisor of q and s?
34
Suppose 3*u - 57 = 2*u. Suppose 15*c + 10*c - 34*c = -38*c + 261. Calculate the highest common divisor of c and u.
3
Suppose -2*z - 34 = -5*z - 2*h, -3*z + 5*h = -20. Let a = 3 + z. Calculate the highest common factor of a and 429.
13
Let q be ((-40)/(-48))/(((-3)/18)/(-1)). Suppose -2*k + 6*k = w + 2701, -q*k + 3379 = -4*w. What is the greatest common factor of 150 and k?
75
Let y(u) = 1044*u + 12. Let s be y(2). Suppose 22*f - 2*f = s. What is the greatest common divisor of f and 70?
35
Suppose 4*h = m + 109, -5*m - 2 + 24 = h. What is the highest common factor of h and 342?
9
Suppose 0 = 2*n - 5*q + 12, 5*q - 10 + 2 = 3*n. Let k(v) = 62*v - 1. Let w be k(n). What is the highest common divisor of 19 and w?
19
Suppose 5*i - 5*j + 1325 = 0, -i - 17*j + 16*j = 275. Let p be i/60*16/(-3). Calculate the highest common divisor of p and 152.
8
Suppose -2*d + 3*w + 6 = 5*w, w + 9 = 3*d. Suppose -2*h - 645 = -3*j + 3*h, -4*h + 645 = d*j. Calculate the greatest common factor of 172 and j.
43
Let l(r) = -9 - 6*r - 50*r**2 + 25*r**2 + 24*r**2. Let u be l(-5). Let s be u - (2*-13 + 3). What is the greatest common factor of s and 152?
19
Let p be 0/1 + (1125/5)/1. Suppose p = 7*z - 258. Suppose 2*u = -3*s - 0*u + 75, -2*s - 5*u + 61 = 0. Calculate the greatest common divisor of z and s.
23
Let r(o) = o**2 + 14*o + 18. Let j be r(-13). Suppose -j*f = -23*f + 126. Let t = 25 + -18. Calculate the highest common divisor of t and f.
7
Let u be (-12)/10*5/(-2). Let i(v) = 2*v**2 + 45*v + 68. Let g be i(-21). Suppose -u + 28 = g*o. Calculate the greatest common factor of 10 and o.
5
Let w = 11 - 8. Let z be 181 + -6*(2/4 - 1). Suppose -3*m = -z + 175. What is the highest common divisor of m and w?
3
Suppose 0 = -6*d + d + 1265. Suppose -2*r + 150*j = 148*j - 44, 4*j + 77 = 3*r. Calculate the highest common factor of r and d.
11
Suppose -5*g + 4*w = -7963, -34*g - 3*w = -29*g - 7984. Calculate the greatest common factor of g and 220.
55
Let h(v) = -30*v - 35. Let o be h(-22). Let i = 631 - o. What is the highest common factor of i and 114?
6
Suppose 3*d + 264 = 3*f, -238 = -2*f - 4*d - 62. Suppose 19*n + 3*n - 88 = 0. Suppose -19 - 25 = -n*i. Calculate the greatest common factor of f and i.
11
Let x = -3607 + 3715. Calculate the highest common divisor of x and 210.
6
Suppose 2*d + 4*j + 23 = 5*d, 2 = -j. Suppose 5*i + 2219 = -266. Let t = i + 552. What is the highest common divisor of d and t?
5
Let i = 13182 - 13133. Calculate the highest common divisor of 7 and i.
7
Suppose -15*u + 11*u + 180 = 0. Suppose u*x - 850 - 635 = 0. Suppose -b + 10 = -12. Calculate the highest common divisor of x and b.
11
Let v be 2/(-6)*4*180/(-80). Let k be (-1 + 6)*((-135)/(-25) - v). Calculate the highest common factor of 9 and k.
3
Suppose 0 = -3*k - 53*h + 58*h + 181, -2*k = -4*h - 120. Calculate the highest common factor of 6138 and k.
62
Let i(n) = -5*n**3 - 13 + 2*n + 8*n + 960*n**2 - 965*n**2 + 4*n**3. Let c be i(-7). Calculate the highest common factor of 135 and c.
15
Suppose 58*s + 11228 = 72*s. Suppose -5*o + 2*x + s = 0, -5*x = 4*o - 0*o - 668. Calculate the greatest common divisor of 216 and o.
54
Let t(i) = -27*i + 57*i**2 + 123*i - 69*i - 18 + 2*i**3. Let n be t(-28). Calculate the highest common divisor of 160 and n.
10
Let q(o) be the first derivative of -o**3/3 - 4*o**2 + 29*o - 142. Let n be q(-9). Let l = 124 - 74. Calculate the greatest common factor of l and n.
10
Let n be 5 + (-2)/(-15) + (-18128)/(-165). Calculate the highest common divisor of 4117 and n.
23
Let n(m) = 3*m**3 - 50*m**2 + 47*m - 218. Let a be n(16). Suppose -4*b - b + 10 = 0. Suppose -b*i + 141 = -255. What is the highest common divisor of a and i?
22
Let f(u) = 2*u**3 + 19*u**2 + 2*u + 20. Let t be f(-10). Let c be (4/6)/((t/195)/(-10)). What is the greatest common factor of 143 and c?
13
Let w = -141 + 281. Suppose -4*v - 3*o + w = 0, -3*o + 14 = v - 21. What is the greatest common divisor of 20 and v?
5
Let j be -6 + (-7 - 1) + -1. Let v be 4433/55 + j/25. Calculate the greatest common divisor of 560 and v.
80
Suppose -11*h + 524 - 304 = 0. Calculate the highest common divisor of h and 24.
4
Let w(r) = -2*r**2 + 60*r + 352. Let o be w(32). Calculate the highest common factor of 288 and o.
32
Suppose 5*p + 2*c - 5*c - 343 = 0, 2*c = 5*p - 342. Let z be 50/(-4)*p/5. Let y = 239 + z. What is the greatest common divisor of y and 23?
23
Let g = 180 + 65. Suppose -39998 + 13244 = -182*s. What is the greatest common factor of g and s?
49
Suppose 0 = -2*w - 3*x + 4846, 4*x = 90*w - 95*w + 12094. Calculate the greatest common divisor of 2201 and w.
71
Suppose i = 4*o + 8*o + 724, -4*i = 4*o - 3208. What is the greatest common divisor of i and 2?
2
Let l(n) = 200 - 221 - n + 14*n. Let r be l(5). Calculate the highest common divisor of 132 and r.
44
Let p(t) = -6*t - 12. Let m be p(-8). Suppose 4*j - u - 140 = -92, 72 = 4*j - 3*u. Calculate the highest common divisor of m and j.
9
Let l = -4406 - -4408. Let f = 22 - -76. Calculate the highest common factor of f and l.
2
Let y(x) = -4*x**2 - 109*x - 177. Let u be y(-25). Calculate the greatest common factor of 4496 and u.
16
Suppose -25 = 4*x - 105. Let z = x - -20. What is the greatest common divisor of z and 10?
10
Let t(v) = v**3 + 59*v**2 + 151*v - 448. Let k be t(-56). Calculate the greatest common